[INFO] cloning repository https://github.com/jjkind/Portfolio-Rust_Actix_API_Example
[INFO] running `Command { std: "git" "-c" "credential.helper=" "-c" "credential.helper=/workspace/cargo-home/bin/git-credential-null" "clone" "--bare" "https://github.com/jjkind/Portfolio-Rust_Actix_API_Example" "/workspace/cache/git-repos/https%3A%2F%2Fgithub.com%2Fjjkind%2FPortfolio-Rust_Actix_API_Example", kill_on_drop: false }`
[INFO] [stderr] Cloning into bare repository '/workspace/cache/git-repos/https%3A%2F%2Fgithub.com%2Fjjkind%2FPortfolio-Rust_Actix_API_Example'...
[INFO] running `Command { std: "git" "rev-parse" "HEAD", kill_on_drop: false }`
[INFO] [stdout] 3637f7dc11ecd7ddfdcc8f4ade32bbfb7db59c67
[INFO] checking jjkind/Portfolio-Rust_Actix_API_Example against master#cfbc6d4cf1acbac5c025acf8ed68929caa551df3 for pr-75494-beta
[INFO] running `Command { std: "git" "clone" "/workspace/cache/git-repos/https%3A%2F%2Fgithub.com%2Fjjkind%2FPortfolio-Rust_Actix_API_Example" "/workspace/builds/worker-7/source", kill_on_drop: false }`
[INFO] [stderr] Cloning into '/workspace/builds/worker-7/source'...
[INFO] [stderr] done.
[INFO] validating manifest of git repo https://github.com/jjkind/Portfolio-Rust_Actix_API_Example on toolchain cfbc6d4cf1acbac5c025acf8ed68929caa551df3
[INFO] running `Command { std: "/workspace/cargo-home/bin/cargo" "+cfbc6d4cf1acbac5c025acf8ed68929caa551df3" "read-manifest" "--manifest-path" "Cargo.toml", kill_on_drop: false }`
[INFO] started tweaking git repo https://github.com/jjkind/Portfolio-Rust_Actix_API_Example
[INFO] finished tweaking git repo https://github.com/jjkind/Portfolio-Rust_Actix_API_Example
[INFO] tweaked toml for git repo https://github.com/jjkind/Portfolio-Rust_Actix_API_Example written to /workspace/builds/worker-7/source/Cargo.toml
[INFO] crate git repo https://github.com/jjkind/Portfolio-Rust_Actix_API_Example already has a lockfile, it will not be regenerated
[INFO] running `Command { std: "/workspace/cargo-home/bin/cargo" "+cfbc6d4cf1acbac5c025acf8ed68929caa551df3" "fetch" "--locked" "--manifest-path" "Cargo.toml", kill_on_drop: false }`
[INFO] [stderr]     Blocking waiting for file lock on package cache
[INFO] [stderr]     Updating git repository `https://github.com/actix/actix-web-httpauth`
[INFO] [stderr]  Downloading crates ...
[INFO] [stderr]   Downloaded awc v1.0.1
[INFO] [stderr]   Downloaded bytestring v0.1.5
[INFO] [stderr]   Downloaded actix-rt v1.1.1
[INFO] [stderr]   Downloaded actix-macros v0.1.2
[INFO] [stderr]   Downloaded actix-router v0.2.4
[INFO] [stderr]   Downloaded tracing v0.1.19
[INFO] [stderr]   Downloaded match_cfg v0.1.0
[INFO] [stderr]   Downloaded hostname v0.3.1
[INFO] [stderr]   Downloaded actix-service v1.0.6
[INFO] [stderr]   Downloaded trust-dns-proto v0.18.0-alpha.2
[INFO] [stderr]   Downloaded arc-swap v0.4.7
[INFO] [stderr]   Downloaded signal-hook-registry v1.2.1
[INFO] [stderr]   Downloaded actix-web v2.0.0
[INFO] [stderr]   Downloaded flate2 v1.0.16
[INFO] [stderr]   Downloaded actix-utils v1.0.6
[INFO] [stderr]   Downloaded actix-server v1.0.3
[INFO] [stderr]   Downloaded actix-tls v1.0.0
[INFO] [stderr]   Downloaded actix-web-codegen v0.2.2
[INFO] [stderr]   Downloaded widestring v0.4.2
[INFO] [stderr]   Downloaded ipconfig v0.2.2
[INFO] [stderr]   Downloaded resolv-conf v0.6.3
[INFO] [stderr]   Downloaded enum-as-inner v0.3.3
[INFO] [stderr]   Downloaded trust-dns-resolver v0.18.0-alpha.2
[INFO] [stderr]   Downloaded actix-connect v1.0.2
[INFO] [stderr]   Downloaded actix-codec v0.2.0
[INFO] [stderr]   Downloaded tracing-core v0.1.14
[INFO] [stderr]   Downloaded actix-http v1.0.1
[INFO] [stderr]   Downloaded actix-threadpool v0.3.3
[INFO] [stderr]   Downloaded copyless v0.1.5
[INFO] [stderr]   Downloaded alcoholic_jwt v1.0.0
[INFO] [stderr]   Downloaded dotenv v0.15.0
[INFO] [stderr]   Downloaded actix-testing v1.0.1
[INFO] running `Command { std: "docker" "create" "-v" "/var/lib/crater-agent-workspace/builds/worker-7/target:/opt/rustwide/target:rw,Z" "-v" "/var/lib/crater-agent-workspace/builds/worker-7/source:/opt/rustwide/workdir:ro,Z" "-v" "/var/lib/crater-agent-workspace/cargo-home:/opt/rustwide/cargo-home:ro,Z" "-v" "/var/lib/crater-agent-workspace/rustup-home:/opt/rustwide/rustup-home:ro,Z" "-e" "SOURCE_DIR=/opt/rustwide/workdir" "-e" "CARGO_TARGET_DIR=/opt/rustwide/target" "-e" "CARGO_HOME=/opt/rustwide/cargo-home" "-e" "RUSTUP_HOME=/opt/rustwide/rustup-home" "-w" "/opt/rustwide/workdir" "-m" "1610612736" "--user" "0:0" "--network" "none" "rustops/crates-build-env@sha256:a636fd89d022f18117e1dc8fb37a0a009933cdbbe082814857f0e2024962d47c" "/opt/rustwide/cargo-home/bin/cargo" "+cfbc6d4cf1acbac5c025acf8ed68929caa551df3" "metadata" "--no-deps" "--format-version=1", kill_on_drop: false }`
[INFO] [stdout] 8e93a25e13eef96c7ff62e1d5d1157a7c8079c46d9ff93b07b4a9545a94d87a2
[INFO] [stderr] WARNING: Your kernel does not support swap limit capabilities or the cgroup is not mounted. Memory limited without swap.
[INFO] running `Command { std: "docker" "start" "-a" "8e93a25e13eef96c7ff62e1d5d1157a7c8079c46d9ff93b07b4a9545a94d87a2", kill_on_drop: false }`
[INFO] running `Command { std: "docker" "inspect" "8e93a25e13eef96c7ff62e1d5d1157a7c8079c46d9ff93b07b4a9545a94d87a2", kill_on_drop: false }`
[INFO] running `Command { std: "docker" "rm" "-f" "8e93a25e13eef96c7ff62e1d5d1157a7c8079c46d9ff93b07b4a9545a94d87a2", kill_on_drop: false }`
[INFO] [stdout] 8e93a25e13eef96c7ff62e1d5d1157a7c8079c46d9ff93b07b4a9545a94d87a2
[INFO] running `Command { std: "docker" "create" "-v" "/var/lib/crater-agent-workspace/builds/worker-7/target:/opt/rustwide/target:rw,Z" "-v" "/var/lib/crater-agent-workspace/builds/worker-7/source:/opt/rustwide/workdir:ro,Z" "-v" "/var/lib/crater-agent-workspace/cargo-home:/opt/rustwide/cargo-home:ro,Z" "-v" "/var/lib/crater-agent-workspace/rustup-home:/opt/rustwide/rustup-home:ro,Z" "-e" "SOURCE_DIR=/opt/rustwide/workdir" "-e" "CARGO_TARGET_DIR=/opt/rustwide/target" "-e" "CARGO_INCREMENTAL=0" "-e" "RUST_BACKTRACE=full" "-e" "RUSTFLAGS=--cap-lints=forbid" "-e" "CARGO_HOME=/opt/rustwide/cargo-home" "-e" "RUSTUP_HOME=/opt/rustwide/rustup-home" "-w" "/opt/rustwide/workdir" "-m" "1610612736" "--user" "0:0" "--network" "none" "rustops/crates-build-env@sha256:a636fd89d022f18117e1dc8fb37a0a009933cdbbe082814857f0e2024962d47c" "/opt/rustwide/cargo-home/bin/cargo" "+cfbc6d4cf1acbac5c025acf8ed68929caa551df3" "check" "--frozen" "--all" "--all-targets" "--message-format=json", kill_on_drop: false }`
[INFO] [stdout] b14c28f8654e5a12fed9b4c3386d3230f29977e54ddd938decb930a0beab30ef
[INFO] [stderr] WARNING: Your kernel does not support swap limit capabilities or the cgroup is not mounted. Memory limited without swap.
[INFO] running `Command { std: "docker" "start" "-a" "b14c28f8654e5a12fed9b4c3386d3230f29977e54ddd938decb930a0beab30ef", kill_on_drop: false }`
[INFO] [stderr]    Compiling autocfg v1.0.0
[INFO] [stderr]    Compiling proc-macro2 v1.0.19
[INFO] [stderr]    Compiling unicode-xid v0.2.1
[INFO] [stderr]    Compiling syn v1.0.38
[INFO] [stderr]    Compiling memchr v2.3.3
[INFO] [stderr]     Checking futures-core v0.3.5
[INFO] [stderr]    Compiling byteorder v1.3.4
[INFO] [stderr]     Checking futures-sink v0.3.5
[INFO] [stderr]     Checking bytes v0.5.6
[INFO] [stderr]    Compiling pin-project-internal v0.4.23
[INFO] [stderr]     Checking itoa v0.4.6
[INFO] [stderr]    Compiling proc-macro-nested v0.1.6
[INFO] [stderr]     Checking once_cell v1.4.0
[INFO] [stderr]     Checking arc-swap v0.4.7
[INFO] [stderr]     Checking matches v0.1.8
[INFO] [stderr]    Compiling cc v1.0.58
[INFO] [stderr]     Checking futures-io v0.3.5
[INFO] [stderr]     Checking pin-project-lite v0.1.7
[INFO] [stderr]     Checking pin-utils v0.1.0
[INFO] [stderr]    Compiling semver-parser v0.7.0
[INFO] [stderr]    Compiling version_check v0.9.2
[INFO] [stderr]    Compiling autocfg v0.1.7
[INFO] [stderr]    Compiling getrandom v0.1.14
[INFO] [stderr]    Compiling ryu v1.0.5
[INFO] [stderr]    Compiling httparse v1.3.4
[INFO] [stderr]     Checking regex-syntax v0.6.18
[INFO] [stderr]    Compiling unicode-segmentation v1.6.0
[INFO] [stderr]    Compiling serde_json v1.0.57
[INFO] [stderr]     Checking ppv-lite86 v0.2.8
[INFO] [stderr]     Checking quick-error v1.2.3
[INFO] [stderr]    Compiling encoding_rs v0.8.23
[INFO] [stderr]     Checking dtoa v0.4.6
[INFO] [stderr]    Compiling openssl v0.10.30
[INFO] [stderr]     Checking mime v0.3.16
[INFO] [stderr]     Checking percent-encoding v1.0.1
[INFO] [stderr]     Checking try-lock v0.2.3
[INFO] [stderr]     Checking language-tags v0.2.2
[INFO] [stderr]     Checking base64 v0.11.0
[INFO] [stderr]    Compiling native-tls v0.2.4
[INFO] [stderr]     Checking openssl-probe v0.1.2
[INFO] [stderr]     Checking try_from v0.3.2
[INFO] [stderr]     Checking lock_api v0.4.1
[INFO] [stderr]     Checking thread_local v1.0.1
[INFO] [stderr]     Checking tracing-core v0.1.14
[INFO] [stderr]     Checking unicode-bidi v0.3.4
[INFO] [stderr]     Checking tokio-sync v0.1.8
[INFO] [stderr]     Checking futures-channel v0.3.5
[INFO] [stderr]     Checking futures-task v0.3.5
[INFO] [stderr]    Compiling semver v0.9.0
[INFO] [stderr]     Checking http v0.2.1
[INFO] [stderr]     Checking bytestring v0.1.5
[INFO] [stderr]    Compiling crossbeam-utils v0.7.2
[INFO] [stderr]    Compiling hashbrown v0.8.2
[INFO] [stderr]    Compiling indexmap v1.5.1
[INFO] [stderr]    Compiling num-traits v0.2.12
[INFO] [stderr]    Compiling memoffset v0.5.5
[INFO] [stderr]    Compiling num-integer v0.1.43
[INFO] [stderr]    Compiling crossbeam-epoch v0.8.2
[INFO] [stderr]    Compiling heck v0.3.1
[INFO] [stderr]    Compiling rand_pcg v0.1.2
[INFO] [stderr]    Compiling rand_chacha v0.1.1
[INFO] [stderr]    Compiling rand v0.6.5
[INFO] [stderr]    Compiling unicase v2.6.0
[INFO] [stderr]    Compiling error-chain v0.12.4
[INFO] [stderr]     Checking crc32fast v1.2.0
[INFO] [stderr]     Checking idna v0.2.0
[INFO] [stderr]     Checking idna v0.1.5
[INFO] [stderr]     Checking want v0.2.0
[INFO] [stderr]     Checking iovec v0.1.4
[INFO] [stderr]     Checking net2 v0.2.34
[INFO] [stderr]     Checking num_cpus v1.13.0
[INFO] [stderr]     Checking signal-hook-registry v1.2.1
[INFO] [stderr]     Checking parking_lot_core v0.8.0
[INFO] [stderr]     Checking time v0.1.43
[INFO] [stderr]     Checking backtrace v0.3.50
[INFO] [stderr]     Checking socket2 v0.3.12
[INFO] [stderr]     Checking hostname v0.3.1
[INFO] [stderr]     Checking rand_os v0.1.3
[INFO] [stderr]    Compiling rustc_version v0.2.3
[INFO] [stderr]     Checking tracing v0.1.19
[INFO] [stderr]     Checking smallvec v0.6.13
[INFO] [stderr]     Checking flate2 v1.0.16
[INFO] [stderr]     Checking aho-corasick v0.7.13
[INFO] [stderr]     Checking fxhash v0.2.1
[INFO] [stderr]     Checking base64 v0.10.1
[INFO] [stderr]    Compiling quote v1.0.7
[INFO] [stderr]     Checking bytes v0.4.12
[INFO] [stderr]     Checking mio v0.6.22
[INFO] [stderr]     Checking threadpool v1.8.1
[INFO] [stderr]     Checking futures-cpupool v0.1.8
[INFO] [stderr]    Compiling openssl-sys v0.9.58
[INFO] [stderr]    Compiling brotli-sys v0.3.2
[INFO] [stderr]     Checking url v1.7.2
[INFO] [stderr]     Checking parking_lot v0.11.0
[INFO] [stderr]     Checking rand_core v0.5.1
[INFO] [stderr]     Checking url v2.1.1
[INFO] [stderr]     Checking resolv-conf v0.6.3
[INFO] [stderr]    Compiling parking_lot_core v0.6.2
[INFO] [stderr]    Compiling parking_lot v0.9.0
[INFO] [stderr]    Compiling hyper v0.12.35
[INFO] [stderr]     Checking rand_chacha v0.2.2
[INFO] [stderr]     Checking scheduled-thread-pool v0.2.5
[INFO] [stderr]     Checking tokio-io v0.1.13
[INFO] [stderr]     Checking http v0.1.21
[INFO] [stderr]     Checking tokio-buf v0.1.1
[INFO] [stderr]     Checking string v0.2.1
[INFO] [stderr]     Checking mio-uds v0.6.8
[INFO] [stderr]    Compiling mime_guess v2.0.3
[INFO] [stderr]     Checking tokio-executor v0.1.10
[INFO] [stderr]     Checking crossbeam-queue v0.2.3
[INFO] [stderr]     Checking regex v1.3.9
[INFO] [stderr]     Checking cookie v0.12.0
[INFO] [stderr]     Checking rand v0.7.3
[INFO] [stderr]     Checking r2d2 v0.8.9
[INFO] [stderr]     Checking tokio-timer v0.2.13
[INFO] [stderr]     Checking tokio-current-thread v0.1.7
[INFO] [stderr]     Checking tokio v0.2.22
[INFO] [stderr]     Checking crossbeam-deque v0.7.3
[INFO] [stderr]     Checking tokio-threadpool v0.1.18
[INFO] [stderr]     Checking tokio-reactor v0.1.12
[INFO] [stderr]     Checking tokio-tcp v0.1.4
[INFO] [stderr]     Checking uuid v0.7.4
[INFO] [stderr]     Checking publicsuffix v1.5.4
[INFO] [stderr]     Checking tokio v0.1.22
[INFO] [stderr]     Checking http-body v0.1.0
[INFO] [stderr]     Checking h2 v0.1.26
[INFO] [stderr]     Checking tokio-util v0.2.0
[INFO] [stderr]     Checking tokio-util v0.3.1
[INFO] [stderr]     Checking actix-codec v0.2.0
[INFO] [stderr]     Checking brotli2 v0.3.2
[INFO] [stderr]     Checking hyper-tls v0.3.2
[INFO] [stderr]    Compiling synstructure v0.12.4
[INFO] [stderr]    Compiling futures-macro v0.3.5
[INFO] [stderr]    Compiling serde_derive v1.0.114
[INFO] [stderr]    Compiling derive_more v0.99.9
[INFO] [stderr]    Compiling failure_derive v0.1.8
[INFO] [stderr]    Compiling actix-macros v0.1.2
[INFO] [stderr]    Compiling async-trait v0.1.36
[INFO] [stderr]    Compiling enum-as-inner v0.3.3
[INFO] [stderr]    Compiling actix-web-codegen v0.2.2
[INFO] [stderr]    Compiling diesel_derives v1.4.1
[INFO] [stderr]     Checking failure v0.1.8
[INFO] [stderr]     Checking pin-project v0.4.23
[INFO] [stderr]     Checking futures-util v0.3.5
[INFO] [stderr]     Checking actix-threadpool v0.3.3
[INFO] [stderr]     Checking serde v1.0.114
[INFO] [stderr]     Checking futures-executor v0.3.5
[INFO] [stderr]     Checking actix-rt v1.1.1
[INFO] [stderr]     Checking actix-service v1.0.6
[INFO] [stderr]     Checking h2 v0.2.6
[INFO] [stderr]     Checking futures v0.3.5
[INFO] [stderr]     Checking trust-dns-proto v0.18.0-alpha.2
[INFO] [stderr]     Checking actix-utils v1.0.6
[INFO] [stderr]     Checking chrono v0.4.13
[INFO] [stderr]     Checking serde_urlencoded v0.6.1
[INFO] [stderr]     Checking actix-router v0.2.4
[INFO] [stderr]     Checking serde_urlencoded v0.5.5
[INFO] [stderr]     Checking actix-server v1.0.3
[INFO] [stderr]     Checking actix-tls v1.0.0
[INFO] [stderr]     Checking actix-testing v1.0.1
[INFO] [stderr]     Checking trust-dns-resolver v0.18.0-alpha.2
[INFO] [stderr]     Checking diesel v1.4.5
[INFO] [stderr]     Checking cookie_store v0.7.0
[INFO] [stderr]     Checking alcoholic_jwt v1.0.0
[INFO] [stderr]     Checking actix-connect v1.0.2
[INFO] [stderr]     Checking reqwest v0.9.24
[INFO] [stderr]     Checking actix-http v1.0.1
[INFO] [stderr]     Checking awc v1.0.1
[INFO] [stderr]     Checking actix-web v2.0.0
[INFO] [stderr]     Checking actix-web-httpauth v0.4.0 (https://github.com/actix/actix-web-httpauth#7fa9723f)
[INFO] [stderr]     Checking rust-graphql-example v0.1.0 (/opt/rustwide/workdir)
[INFO] [stdout] error[E0433]: failed to resolve: could not find `users` in `schema`
[INFO] [stdout]  --> src/handlers.rs:2:20
[INFO] [stdout]   |
[INFO] [stdout] 2 | use super::schema::users::dsl::*;
[INFO] [stdout]   |                    ^^^^^ could not find `users` in `schema`
[INFO] [stdout] 
[INFO] [stdout] 
[INFO] [stdout] error: cannot find derive macro `Queryable` in this scope
[INFO] [stdout]  --> src/models.rs:6:41
[INFO] [stdout]   |
[INFO] [stdout] 6 | #[derive(Debug, Serialize, Deserialize, Queryable)]
[INFO] [stdout]   |                                         ^^^^^^^^^
[INFO] [stdout] 
[INFO] [stdout] 
[INFO] [stdout] error: cannot find derive macro `Insertable` in this scope
[INFO] [stdout]   --> src/models.rs:15:10
[INFO] [stdout]    |
[INFO] [stdout] 15 | #[derive(Insertable, Debug)]
[INFO] [stdout]    |          ^^^^^^^^^^
[INFO] [stdout] 
[INFO] [stdout] 
[INFO] [stdout] error: cannot find attribute `table_name` in this scope
[INFO] [stdout]   --> src/models.rs:16:3
[INFO] [stdout]    |
[INFO] [stdout] 16 | #[table_name = "users"]
[INFO] [stdout]    |   ^^^^^^^^^^
[INFO] [stdout] 
[INFO] [stdout] 
[INFO] [stdout] error: cannot find macro `table` in this scope
[INFO] [stdout]  --> src/schema.rs:2:1
[INFO] [stdout]   |
[INFO] [stdout] 2 | table! {
[INFO] [stdout]   | ^^^^^
[INFO] [stdout] 
[INFO] [stdout] 
[INFO] [stdout] error[E0433]: failed to resolve: could not find `users` in `schema`
[INFO] [stdout]  --> src/handlers.rs:2:20
[INFO] [stdout]   |
[INFO] [stdout] 2 | use super::schema::users::dsl::*;
[INFO] [stdout]   |                    ^^^^^ could not find `users` in `schema`
[INFO] [stdout] 
[INFO] [stdout] 
[INFO] [stdout] error: cannot find derive macro `Queryable` in this scope
[INFO] [stdout]  --> src/models.rs:6:41
[INFO] [stdout]   |
[INFO] [stdout] 6 | #[derive(Debug, Serialize, Deserialize, Queryable)]
[INFO] [stdout]   |                                         ^^^^^^^^^
[INFO] [stdout] 
[INFO] [stdout] 
[INFO] [stdout] error: cannot find derive macro `Insertable` in this scope
[INFO] [stdout]   --> src/models.rs:15:10
[INFO] [stdout]    |
[INFO] [stdout] 15 | #[derive(Insertable, Debug)]
[INFO] [stdout]    |          ^^^^^^^^^^
[INFO] [stdout] 
[INFO] [stdout] 
[INFO] [stdout] error: cannot find attribute `table_name` in this scope
[INFO] [stdout]   --> src/models.rs:16:3
[INFO] [stdout]    |
[INFO] [stdout] 16 | #[table_name = "users"]
[INFO] [stdout]    |   ^^^^^^^^^^
[INFO] [stdout] 
[INFO] [stdout] 
[INFO] [stdout] error: cannot find macro `table` in this scope
[INFO] [stdout]  --> src/schema.rs:2:1
[INFO] [stdout]   |
[INFO] [stdout] 2 | table! {
[INFO] [stdout]   | ^^^^^
[INFO] [stdout] 
[INFO] [stdout] 
[INFO] [stdout] error[E0425]: cannot find value `users` in this scope
[INFO] [stdout]   --> src/handlers.rs:58:17
[INFO] [stdout]    |
[INFO] [stdout] 58 |     let items = users.load::<User>(&conn)?;
[INFO] [stdout]    |                 ^^^^^ not found in this scope
[INFO] [stdout] 
[INFO] [stdout] 
[INFO] [stdout] error[E0425]: cannot find value `users` in this scope
[INFO] [stdout]   --> src/handlers.rs:64:5
[INFO] [stdout]    |
[INFO] [stdout] 64 |     users.find(user_id).get_result::<User>(&conn)
[INFO] [stdout]    |     ^^^^^ not found in this scope
[INFO] [stdout] 
[INFO] [stdout] 
[INFO] [stdout] error[E0425]: cannot find value `users` in this scope
[INFO] [stdout]   --> src/handlers.rs:75:27
[INFO] [stdout]    |
[INFO] [stdout] 75 |     let res = insert_into(users).values(&new_user).get_result(&conn)?;
[INFO] [stdout]    |                           ^^^^^ not found in this scope
[INFO] [stdout] 
[INFO] [stdout] 
[INFO] [stdout] error[E0425]: cannot find value `users` in this scope
[INFO] [stdout]   --> src/handlers.rs:81:24
[INFO] [stdout]    |
[INFO] [stdout] 81 |     let count = delete(users.find(user_id)).execute(&conn)?;
[INFO] [stdout]    |                        ^^^^^ not found in this scope
[INFO] [stdout] 
[INFO] [stdout] 
[INFO] [stdout] error[E0425]: cannot find value `users` in this scope
[INFO] [stdout]   --> src/handlers.rs:58:17
[INFO] [stdout]    |
[INFO] [stdout] 58 |     let items = users.load::<User>(&conn)?;
[INFO] [stdout]    |                 ^^^^^ not found in this scope
[INFO] [stdout] 
[INFO] [stdout] 
[INFO] [stdout] error[E0425]: cannot find value `users` in this scope
[INFO] [stdout]   --> src/handlers.rs:64:5
[INFO] [stdout]    |
[INFO] [stdout] 64 |     users.find(user_id).get_result::<User>(&conn)
[INFO] [stdout]    |     ^^^^^ not found in this scope
[INFO] [stdout] 
[INFO] [stdout] 
[INFO] [stdout] error[E0425]: cannot find value `users` in this scope
[INFO] [stdout]   --> src/handlers.rs:75:27
[INFO] [stdout]    |
[INFO] [stdout] 75 |     let res = insert_into(users).values(&new_user).get_result(&conn)?;
[INFO] [stdout]    |                           ^^^^^ not found in this scope
[INFO] [stdout] 
[INFO] [stdout] 
[INFO] [stdout] error[E0425]: cannot find value `users` in this scope
[INFO] [stdout]   --> src/handlers.rs:81:24
[INFO] [stdout]    |
[INFO] [stdout] 81 |     let count = delete(users.find(user_id)).execute(&conn)?;
[INFO] [stdout]    |                        ^^^^^ not found in this scope
[INFO] [stdout] 
[INFO] [stdout] 
[INFO] [stdout] warning: unused imports: `Error`, `dev::ServiceRequest`
[INFO] [stdout]  --> src/main.rs:4:39
[INFO] [stdout]   |
[INFO] [stdout] 4 | use actix_web::{web, App, HttpServer, dev::ServiceRequest, Error};
[INFO] [stdout]   |                                       ^^^^^^^^^^^^^^^^^^^  ^^^^^
[INFO] [stdout]   |
[INFO] [stdout]   = note: `#[warn(unused_imports)]` on by default
[INFO] [stdout] 
[INFO] [stdout] 
[INFO] [stdout] warning: unused import: `crate::schema::*`
[INFO] [stdout]  --> src/models.rs:3:5
[INFO] [stdout]   |
[INFO] [stdout] 3 | use crate::schema::*;
[INFO] [stdout]   |     ^^^^^^^^^^^^^^^^
[INFO] [stdout] 
[INFO] [stdout] 
[INFO] [stdout] warning: unused imports: `Error`, `dev::ServiceRequest`
[INFO] [stdout]  --> src/main.rs:4:39
[INFO] [stdout]   |
[INFO] [stdout] 4 | use actix_web::{web, App, HttpServer, dev::ServiceRequest, Error};
[INFO] [stdout]   |                                       ^^^^^^^^^^^^^^^^^^^  ^^^^^
[INFO] [stdout]   |
[INFO] [stdout]   = note: `#[warn(unused_imports)]` on by default
[INFO] [stdout] 
[INFO] [stdout] 
[INFO] [stdout] warning: unused import: `crate::schema::*`
[INFO] [stdout]  --> src/models.rs:3:5
[INFO] [stdout]   |
[INFO] [stdout] 3 | use crate::schema::*;
[INFO] [stdout]   |     ^^^^^^^^^^^^^^^^
[INFO] [stdout] 
[INFO] [stdout] 
[INFO] [stdout] error[E0277]: the trait bound `&models::NewUser<'_>: diesel::Insertable<_>` is not satisfied
[INFO] [stdout]   --> src/handlers.rs:75:41
[INFO] [stdout]    |
[INFO] [stdout] 75 |     let res = insert_into(users).values(&new_user).get_result(&conn)?;
[INFO] [stdout]    |                                         ^^^^^^^^^ the trait `diesel::Insertable<_>` is not implemented for `&models::NewUser<'_>`
[INFO] [stdout] 
[INFO] [stdout] 
[INFO] [stdout] error[E0277]: the trait bound `models::User: diesel::Queryable<_, diesel::pg::Pg>` is not satisfied
[INFO] [stdout]   --> src/handlers.rs:75:52
[INFO] [stdout]    |
[INFO] [stdout] 75 |     let res = insert_into(users).values(&new_user).get_result(&conn)?;
[INFO] [stdout]    |                                                    ^^^^^^^^^^ the trait `diesel::Queryable<_, diesel::pg::Pg>` is not implemented for `models::User`
[INFO] [stdout]    |
[INFO] [stdout]    = note: required because of the requirements on the impl of `diesel::query_dsl::LoadQuery<diesel::r2d2::PooledConnection<diesel::r2d2::ConnectionManager<diesel::PgConnection>>, models::User>` for `diesel::query_builder::InsertStatement<_, _>`
[INFO] [stdout] 
[INFO] [stdout] 
[INFO] [stdout] warning: unused import: `diesel::QueryDsl`
[INFO] [stdout]  --> src/handlers.rs:4:5
[INFO] [stdout]   |
[INFO] [stdout] 4 | use diesel::QueryDsl;
[INFO] [stdout]   |     ^^^^^^^^^^^^^^^^
[INFO] [stdout] 
[INFO] [stdout] 
[INFO] [stdout] error: aborting due to 11 previous errors; 3 warnings emitted
[INFO] [stdout] 
[INFO] [stdout] 
[INFO] [stdout] Some errors have detailed explanations: E0277, E0425, E0433.
[INFO] [stdout] 
[INFO] [stdout] For more information about an error, try `rustc --explain E0277`.
[INFO] [stdout] 
[INFO] [stderr] error: could not compile `rust-graphql-example`.
[INFO] [stderr] 
[INFO] [stderr] To learn more, run the command again with --verbose.
[INFO] [stderr] warning: build failed, waiting for other jobs to finish...
[INFO] [stdout] error[E0277]: the trait bound `&models::NewUser<'_>: diesel::Insertable<_>` is not satisfied
[INFO] [stdout]   --> src/handlers.rs:75:41
[INFO] [stdout]    |
[INFO] [stdout] 75 |     let res = insert_into(users).values(&new_user).get_result(&conn)?;
[INFO] [stdout]    |                                         ^^^^^^^^^ the trait `diesel::Insertable<_>` is not implemented for `&models::NewUser<'_>`
[INFO] [stdout] 
[INFO] [stdout] 
[INFO] [stdout] error[E0277]: the trait bound `models::User: diesel::Queryable<_, diesel::pg::Pg>` is not satisfied
[INFO] [stdout]   --> src/handlers.rs:75:52
[INFO] [stdout]    |
[INFO] [stdout] 75 |     let res = insert_into(users).values(&new_user).get_result(&conn)?;
[INFO] [stdout]    |                                                    ^^^^^^^^^^ the trait `diesel::Queryable<_, diesel::pg::Pg>` is not implemented for `models::User`
[INFO] [stdout]    |
[INFO] [stdout]    = note: required because of the requirements on the impl of `diesel::query_dsl::LoadQuery<diesel::r2d2::PooledConnection<diesel::r2d2::ConnectionManager<diesel::PgConnection>>, models::User>` for `diesel::query_builder::InsertStatement<_, _>`
[INFO] [stdout] 
[INFO] [stdout] 
[INFO] [stdout] warning: unused import: `diesel::QueryDsl`
[INFO] [stdout]  --> src/handlers.rs:4:5
[INFO] [stdout]   |
[INFO] [stdout] 4 | use diesel::QueryDsl;
[INFO] [stdout]   |     ^^^^^^^^^^^^^^^^
[INFO] [stdout] 
[INFO] [stdout] 
[INFO] [stdout] error: aborting due to 11 previous errors; 3 warnings emitted
[INFO] [stdout] 
[INFO] [stdout] 
[INFO] [stdout] Some errors have detailed explanations: E0277, E0425, E0433.
[INFO] [stdout] 
[INFO] [stdout] For more information about an error, try `rustc --explain E0277`.
[INFO] [stdout] 
[INFO] [stderr] error: build failed
[INFO] running `Command { std: "docker" "inspect" "b14c28f8654e5a12fed9b4c3386d3230f29977e54ddd938decb930a0beab30ef", kill_on_drop: false }`
[INFO] running `Command { std: "docker" "rm" "-f" "b14c28f8654e5a12fed9b4c3386d3230f29977e54ddd938decb930a0beab30ef", kill_on_drop: false }`
[INFO] [stdout] b14c28f8654e5a12fed9b4c3386d3230f29977e54ddd938decb930a0beab30ef
